 200807
What are the prime factors of 183822694?
2, 11, 2843, 2939
What are the prime factors of 249290080?
2, 5, 13, 119851
List the prime factors of 744699142.
2, 11, 33849961
What are the prime factors of 1181362829?
19, 62176991
List the prime factors of 24262701.
3, 2593, 3119
What are the prime factors of 3873966211?
47, 82424813
List the prime factors of 245488654.
2, 29, 157, 26959
List the prime factors of 551382903.
3, 53, 509, 757
List the prime factors of 962903716.
2, 2267, 106187
What are the prime factors of 312872086?
2, 156436043
List the prime factors of 29703812.
2, 47, 157999
What are the prime factors of 1879816325?
5, 953, 78901
What are the prime factors of 721507?
79, 9133
What are the prime factors of 57437012?
2, 71, 202243
What are the prime factors of 76377619?
29, 2633711
What are the prime factors of 38625266?
2, 43, 449131
What are the prime factors of 65206754?
2, 3623, 8999
What are the prime factors of 4044555672?
2, 3, 47, 691, 5189
What are the prime factors of 15651629?
7, 37, 89, 97
List the prime factors of 4555963.
547, 8329
List the prime factors of 9128710.
2, 5, 912871
What are the prime factors of 58014567?
3, 13, 495851
List the prime factors of 38668445.
5, 599, 12911
List the prime factors of 342242353.
342242353
List the prime factors of 904055496.
2, 3, 71, 530549
List the prime factors of 96649524.
2, 3, 199, 1499
List the prime factors of 40347523.
31, 1301533
What are the prime factors of 484026773?
139, 3482207
List the prime factors of 110104615.
5, 22020923
List the prime factors of 254382719.
67, 827, 4591
What are the prime factors of 635602512?
2, 3, 29, 456611
What are the prime factors of 311444977?
137, 1367, 1663
What are the prime factors of 89099335?
5, 13, 8111
List the prime factors of 169117596.
2, 3, 4697711
List the prime factors of 259354511.
13, 29, 199, 3457
List the prime factors of 228481620.
2, 3, 5, 1301, 2927
What are the prime factors of 2080752393?
3, 693584131
What are the prime factors of 3935633122?
2, 1967816561
What are the prime factors of 500985335?
5, 100197067
What are the prime factors of 886638835?
5, 1871, 94777
List the prime factors of 3465849186.
2, 3, 347, 554891
List the prime factors of 3328376185.
5, 665675237
What are the prime factors of 27552067?
27552067
What are the prime factors of 2948879497?
2948879497
List the prime factors of 1175755534.
2, 587877767
List the prime factors of 410633315.
5, 223, 257, 1433
What are the prime factors of 31934690?
2, 5, 3193469
What are the prime factors of 1480778955?
3, 5, 1201, 9133
What are the prime factors of 321677196?
2, 3, 17, 1576849
List the prime factors of 39192862.
2, 29, 675739
What are the prime factors of 246842466?
2, 3, 13, 37, 85531
What are the prime factors of 5953054198?
2, 7, 13, 19, 331, 743
What are the prime factors of 95538071?
2621, 36451
What are the prime factors of 62492427?
3, 6943603
List the prime factors of 409654817.
11, 13, 23, 67
List the prime factors of 1193262463.
1193262463
What are the prime factors of 802816592?
2, 50176037
List the prime factors of 7435704475.
5, 157, 607, 3121
What are the prime factors of 66281241?
3, 13, 197, 8627
List the prime factors of 208891128.
2, 3, 2063, 4219
What are the prime factors of 308457059?
7001, 44059
List the prime factors of 1876800521.
1876800521
List the prime factors of 34708044.
2, 3, 7, 101, 4091
What are the prime factors of 441071145?
3, 5, 9801581
List the prime factors of 79334953.
61, 1300573
What are the prime factors of 189048935?
5, 191, 197957
List the prime factors of 486267920.
2, 5, 107, 56807
What are the prime factors of 10355704?
2, 23, 2447
List the prime factors of 3325575515.
5, 107, 6216029
List the prime factors of 56659528.
2, 487, 14543
What are the prime factors of 743831461?
37, 20103553
List the prime factors of 64100935.
5, 61, 73, 2879
List the prime factors of 65284738.
2, 739, 44171
What are the prime factors of 62991196?
2, 397, 39667
What are the prime factors of 791064535?
5, 158212907
What are the prime factors of 865062055?
5, 11, 13, 1209877
List the prime factors of 1411983551.
11, 128362141
List the prime factors of 1474753544.
2, 11, 16758563
List the prime factors of 1615924847.
1615924847
What are the prime factors of 124586912?
2, 509, 7649
What are the prime factors of 9514891?
9514891
List the prime factors of 5623211.
11, 511201
List the prime factors of 8485912.
2, 1060739
What are the prime factors of 1385190537?
3, 461730179
List the prime factors of 11805633.
3, 7, 17, 73, 151
What are the prime factors of 46938174?
2, 3, 7823029
What are the prime factors of 24893199?
3, 23, 53, 2269
List the prime factors of 347131010.
2, 5, 41, 846661
List the prime factors of 27409765.
5, 541, 10133
What are the prime factors of 1364773498?
2, 11, 17, 47, 77641
List the prime factors of 529179596.
2, 11, 12026809
List the prime factors of 316607107.
53, 5973719
List the prime factors of 163027923.
3, 19, 571, 5009
What are the prime factors of 51854441?
51854441
What are the prime factors of 74689230?
2, 3, 5, 7, 11, 31, 149
List the prime factors of 399391634.
2, 383, 521399
What are the prime factors of 750809890?
2, 5, 19, 139, 28429
What are the prime factors of 5970983984?
2, 7, 17, 448003
What are the prime factors of 140734266?
2, 3, 23455711
What are the prime factors of 288130521?
3, 7, 13720501
What are the prime factors of 220089075?
3, 5, 269, 10909
What are the prime factors of 48092243?
181, 265703
List the prime factors of 13902327.
3, 23, 61, 367
What are the prime factors of 4616025459?
3, 6659, 231067
What are the prime factors of 4034465475?
3, 5, 53792873
What are the prime factors of 978827864?
2, 7, 19, 919951
What are the prime factors of 3371872877?
3371872877
List the prime factors of 150351697.
150351697
List the prime factors of 89548272.
2, 3, 11, 56533
What are the prime factors of 301566268?
2, 75391567
What are the prime factors of 11113760?
2, 5, 7, 9923
List the prime factors of 7972513.
23, 251, 1381
What are the prime factors of 20156630?
2, 5, 13, 11927
List the prime factors of 251397170.
2, 5, 19, 1323143
What are the prime factors of 113872658?
2, 56936329
What are the prime factors of 394234573?
17, 2857, 8117
What are the prime factors of 385925994?
2, 3, 139, 154247
List the prime factors of 2112958050.
2, 3, 5, 7, 17, 118373
List the prime factors of 53715735.
3, 5, 1193683
List the prime factors of 738401294.
2, 19, 19431613
List the prime factors of 712642138.
2, 13, 61, 449333
List the prime factors of 23725378.
2, 127, 93407
List the prime factors of 26592208.
2, 1662013
List the prime factors of 134313430.
2, 5, 17, 73, 79, 137
List the prime factors of 52921335.
3, 5, 3528089
List the prime factors of 27874867.
751, 37117
List the prime factors of 304235752.
2, 19, 29, 69019
What are the prime factors of 26236459?
137, 191507
List the prime factors of 73155737.
73155737
List the prime factors of 1134676328.
2, 8329, 17029
What are the prime factors of 52811052?
2, 3, 7, 43, 14621
What are the prime factors of 89830042?
2, 23, 307, 6361
List the prime factors of 666158528.
2, 7, 212423
What are the prime factors of 3034620411?
3, 17, 31, 1919431
What are the prime factors of 680168205?
3, 5, 743, 6781
List the prime factors of 14135934.
2, 3, 29, 137, 593
List the prime factors of 238913616.
2, 3, 4977367
List the prime factors of 1142865604.
2, 285716401
What are the prime factors of 234830121?
3, 53, 1476919
List the prime factors of 301789188.
2, 3, 8383033
List the prime factors of 299636936.
2, 37454617
What are the prime factors of 105084820?
2, 5, 17, 19, 16267
What are the prime factors of 1241087568?
2, 3, 7, 313, 11801
What are the prime factors of 1101688764?
2, 3, 11, 37, 191, 1181
What are the prime factors of 961211458?
2, 480605729
What are the prime factors of 57064151?
59, 373, 2593
List the prime factors of 40025881.
7, 41, 89, 1567
List the prime factors of 24438179.
24438179
What are the prime factors of 56829628?
2, 14207407
List the prime factors of 110183483.
137, 804259
What are the prime factors of 588757672?
2, 73594709
What are the prime factors of 660706057?
11, 19, 3161273
What are the prime factors of 6